v?
1
Let d be 27/(-36) + 126/8. Let m = d + -11. Suppose -m*z + 599 = 51. What is the units digit of z?
7
Let j(v) = 59*v - 90. Let z(p) = -117*p + 179. Let c(i) = -11*j(i) - 6*z(i). What is the units digit of c(15)?
1
Let c be (-4)/16 + -2 + 87/12. Suppose 3*u = 12*x - 14*x + 4543, 4*u - c*x - 6042 = 0. What is the units digit of u?
3
Let d(c) = 569*c - 118. What is the hundreds digit of d(15)?
4
Let p = 34 - -29. Suppose -2*r = 6*u - 5*u - 2, 0 = r - 3*u - 1. Suppose -y - 3*v + r = -66, y + v = p. What is the units digit of y?
1
Let t(i) = -10*i**3 - 13*i**2 - 36*i - 220. What is the thousands digit of t(-9)?
6
Let p(q) be the second derivative of -5*q**5/4 + q**4/4 - 5*q**3/3 - 25*q**2/2 - 76*q. What is the tens digit of p(-2)?
0
Suppose -307*f + 2*a - 16934 = -309*f, -5*f + 42327 = 3*a. What is the thousands digit of f?
8
Let s(y) = -y**3 + 2*y**2 + 81*y + 100. What is the units digit of s(-15)?
0
Let f = 209 - 203. Let h(w) = w**3 + 12*w**2 + 11*w - 15. Let a be h(-11). Let z = f - a. What is the tens digit of z?
2
Suppose -4*u = 5*b + 455, 5*b - u + 343 = b. Let r = b - -83. What is the units digit of ((-212)/8 - r)*-4?
0
Suppose -164 = 7*i - 129. What is the tens digit of 554 + (4/16)/(i/(-60))?
5
Let l = -638 - -640. Suppose l*y + 3*y + 272 = w, 10 = 5*y. What is the tens digit of w?
8
What is the thousands digit of 11074 - ((-24)/(-40)*10 + -3)?
1
Let z be -2*-341*(-7)/14. Let s = 154 - z. What is the units digit of s?
5
Suppose -18 = -6*t + 36. Let g(f) = -f**3 + 10*f**2 - 8*f - 7. Let j be g(t). Suppose -102 = -4*m + 2*x - 0*x, 5*x - 45 = -j*m. What is the units digit of m?
5
Suppose -190 = -3*j + 5*u + 243, 3*j - 423 = 3*u. Suppose 2*o + 726 = 3*f, -o - 1067 = -5*f + j. What is the tens digit of f?
4
Let j = 4858 - 3267. Let f = j - 1005. What is the hundreds digit of f?
5
Let h(r) = -15*r - 24. Let c be h(10). Let p be (c/(-9))/(8/(-12)). Let a = p + 42. What is the tens digit of a?
1
Suppose -4*t + 3*w = -2*w + 167, 0 = -4*t + 3*w - 177. Let f be 1980/t + -1 + 1/4. Let b = 19 - f. What is the tens digit of b?
6
Let z = 2199 - 1091. What is the thousands digit of z?
1
What is the ten thousands digit of 63 - 73 - (-2 + -43029)?
4
Suppose -z = -m + 103 + 104, 5*z - m + 1031 = 0. Suppose 2*c = -2*j + 700, 0 = -2*c + 3*c - 4*j - 365. Let o = c + z. What is the tens digit of o?
4
Let y = -1772 - -6157. What is the thousands digit of y?
4
Let a(q) = -7*q**2 - 48 + q**3 + 19 + 0*q**3 - 3*q**2 + 14*q. What is the units digit of a(14)?
1
Let q be 468 + -7 + 4/1. Let o = q + -23. Suppose -3*p + o + 23 = 0. What is the units digit of p?
5
Let a(r) = r**3 + 19*r**2 + 21*r + 9. Let w be a(-18). Let x be ((w/(-10))/3)/((-9)/(-600)). Let v = 197 - x. What is the tens digit of v?
9
Let f(x) be the first derivative of -29*x**2/2 - 30*x - 24. What is the tens digit of f(-8)?
0
Let c = 5563 + -3859. What is the units digit of c?
4
Let j(u) = -17 + 4*u - 12 + 21*u - 4*u. Let p(s) = 3*s + 70. Let r be p(-21). What is the tens digit of j(r)?
1
Let p be (-1)/2*(-9 + 11). What is the tens digit of 404 - (5 - ((p - 1) + 10))?
0
Suppose 0 = 3*s + 2*s - 75. Let x = 19 - s. Suppose -x*u + 309 = -247. What is the units digit of u?
9
Let r(i) = -106*i + 2. Suppose 74 = 9*v - 430. Let u = v - 57. What is the tens digit of r(u)?
0
Let q(m) = 136*m**2 + 3*m + 1. Let f(a) = a. Let d be f(-2). Let u be q(d). Suppose 0 = -3*c + u - 152. What is the tens digit of c?
2
What is the tens digit of 2/10 - 4134368/(-160)?
4
Suppose -4*m = -5*q - 211924, 3*m = 257*q - 258*q + 158981. What is the thousands digit of m?
2
Suppose -19045908 = 45*c - 871*c. What is the hundreds digit of c?
0
Suppose -3*c + 6 - 11 = -s, 4*s - 13 = 5*c. What is the tens digit of (c/(-3))/(107/(-54) + 2)?
1
Suppose 28*f - 2*q = 32*f - 11552, -q = -3*f + 8649. What is the units digit of f?
5
Let i = -1271 + 3589. Suppose i = -12*f + 50*f. What is the tens digit of f?
6
Let z(u) = -4*u**2 + 26*u + 4226. What is the units digit of z(0)?
6
Suppose 4*p = -4*j - j - 22, 0 = -5*j - p - 13. What is the tens digit of (1/4)/(j/(-24)) + 362?
6
Let b(v) = v**2 + 2*v - 13. Suppose 7*f + 8 = 5*f. Let g be b(f). What is the units digit of 38/95 + (1 - 163/g)?
4
What is the units digit of (-8)/(-52) + (-2)/(-13)*195189/6?
5
Suppose -56*i + 1111382 + 1099565 + 476437 = 0. What is the thousands digit of i?
7
Let a(q) = -q**3 + 6*q**2 + 5*q + 19. Let z be a(7). Suppose -z*g = -5*f - 1420, 0 = -4*g - f + 80 + 1071. What is the hundreds digit of g?
2
Let c = 143 - 146. Let y(x) = -6*x**2 + 2*x + 11*x**2 + 1 + 3. What is the units digit of y(c)?
3
Suppose 2*v + 82 = 3*f, -2*v - 108 = -f - 3*f. Let a be (-8)/(-12) + f/6*130. Suppose -a = -8*r + 2*r. What is the tens digit of r?
9
Let h(c) = 697*c**2 + 221*c - 643. What is the thousands digit of h(3)?
6
Let k = -9718 + 18226. What is the thousands digit of k?
8
Let s(j) = 7311*j**2 + 22*j + 46. What is the units digit of s(-3)?
9
Suppose 0 = -d - 17 + 11. What is the units digit of ((-12)/d - 207)*6/(-15)?
2
Let u(b) be the second derivative of 131*b**4/4 + b**2 - 29*b. What is the hundreds digit of u(1)?
3
Let p be 1*(-2)/(-4)*26. Let d(b) = 0 + 0 - 6*b**2 + p*b**2 + 4*b. What is the units digit of d(-3)?
1
Suppose 199*w - 28912 = 183*w. What is the hundreds digit of w?
8
Let s = 4251 + 6847. What is the hundreds digit of s?
0
Let t be 3/(-1)*(-40)/(-12). Let k be (-7 - t)/(1/12). Suppose 0 = 2*z - 28 - k. What is the units digit of z?
2
Suppose -3*j - 9*j = -48. Let p be 4 - -721 - j/4. Suppose 4*u - 3*k - 958 = 0, 3*u = 6*u - 5*k - p. What is the hundreds digit of u?
2
Let z be 2376/162 + (-10)/6. Suppose -z*m = -6*m - 4424. What is the hundreds digit of m?
6
Suppose 2112 = -34*s + 18*s. Suppose 0*b - b - 6 = 0. What is the tens digit of (3 + 1)/(b/s)?
8
Suppose -80 = 3*k - 2*p, k - 2*p = -k - 52. Let j(z) = -z**2 - 33*z + 42. What is the tens digit of j(k)?
8
What is the ten thousands digit of 90/(-72) + (-206295)/(-12)?
1
Let t(q) = 1964*q + 5540. What is the hundreds digit of t(3)?
4
Suppose 3*z = 4*u + 253, -z + u = 3*u - 71. Let s = z - 126. Let l = s + 205. What is the tens digit of l?
5
Let d(z) = -z**3 - 2*z**2 + 6*z + 7. Let b be d(-3). Let s = 19 + b. Suppose 18*a - 4 = s*a. What is the units digit of a?
4
Suppose -2565 = -b - 642. Suppose -9*u = -b - 174. What is the tens digit of u?
3
Let s = -60 - -62. Suppose -1896 = 4*g - 7*g + 3*t, 0 = 2*g + s*t - 1284. What is the tens digit of g?
3
Let o(p) = -83*p**3 - 2*p**2 - 2*p - 2. Let r be o(-2). Suppose 0 = -10*n + r + 1772. Suppose 0 = -5*c, -3*q + c = -4*c - n. What is the units digit of q?
1
What is the hundreds digit of (1 + 160)/(102/(-18) - -6)?
4
What is the ten thousands digit of 18783 + (-7)/((-140)/(-320))?
1
Let c = 5158 + -1792. What is the hundreds digit of c?
3
Suppose -4*b - u = -2*b - 171, 2*b - 4*u = 146. Let a = b - 71. Suppose -9*t - 447 = -a*t. What is the hundreds digit of t?
1
Suppose 24*c = 34*c - 360. Suppose -c*d + 37*d = 394. What is the units digit of d?
4
Let z(x) = -68 - 14*x**2 - 16*x**2 + 87 + x**3 + 30*x. What is the units digit of z(29)?
8
Suppose 23 = -31*j - 70. What is the units digit of j - 2 - 25/((-225)/6138)?
7
Suppose -13*y - 238539 = -12274. What is the thousands digit of ((-68)/(-10))/((-118)/y)?
1
Let f = 110 - 109. What is the hundreds digit of (25 - -609)*f/2?
3
Let g(j) be the third derivative of -19*j**4/6 - 367*j**3/6 - 213*j**2. What is the hundreds digit of g(-14)?
6
Suppose -2*g + 5*t - 2323 = -56430, 0 = g - 5*t - 27046. What is the ten thousands digit of g?
2
Let w be 21/(-35) - (-1 - 2/(-5)). Suppose w = 6*i + 2*i - 320. What is the tens digit of i?
4
Suppose -33*d = -130 + 427. What is the hundreds digit of (-53)/(-2)*3*(-96)/d?
8
Let v(g) be the first derivative of g**4/4 + 7*g**3/3 - 9*g**2/2 - 5*g - 17. Let t be v(-8). Suppose -t*c - 655 = -8*c. What is the hundreds digit of c?
1
Suppose l = 6 + 34. Let c = -37 + l. Suppose -4*a + 441 = x, -4*a + 2*x + 108 = -c*a. What is the tens digit of a?
1
Suppose -2*j = -9*j + 42. Let o be 3*1/j*8. Suppose -68 = -l - 3*s - o, -4*l = 5*s - 277. What is the tens digit of l?
7
Let f(j) = j**2 - 59*j - 140. What is the units digit of f(-29)?
2
Let o be 2604/186 + 1*6*-1. Suppose o*m = 2130 + 5894. What is the th